{"id":356,"date":"2022-03-30T16:01:10","date_gmt":"2022-03-30T14:01:10","guid":{"rendered":"http:\/\/gomaths.org\/?page_id=356"},"modified":"2022-10-19T11:47:37","modified_gmt":"2022-10-19T09:47:37","slug":"politique-de-confidentialite","status":"publish","type":"page","link":"https:\/\/gomaths.org\/index.php\/politique-de-confidentialite\/","title":{"rendered":"Politique de confidentialit\u00e9"},"content":{"rendered":"\n<h2>Application GoMaths TS <\/h2>\n\n\n\n<p>Vision Future, 9 rue Parrot CS72809 75590 Paris Cedex 12, soci\u00e9t\u00e9 enregistr\u00e9e au RCS de Paris sous le num\u00e9ro 339 916 389 s\u2019engage \u00e0 ce que la collecte et le traitement de vos donn\u00e9es personnelles soient conformes au R\u00e8glement g\u00e9n\u00e9ral sur la protection des donn\u00e9es du 27 avril 2016 (RGPD) et \u00e0 la loi Informatique et Libert\u00e9s.<\/p>\n\n\n\n<p>Vision Future en qualit\u00e9 de responsable de traitement au sens du RGPD, limite la collecte des donn\u00e9es \u00e0 caract\u00e8re personnel aux donn\u00e9es ad\u00e9quates, pertinentes et n\u00e9cessaires aux traitements mis en \u0153uvre par la soci\u00e9t\u00e9. Vision Future vous informe dans les formulaires du caract\u00e8re facultatif ou obligatoire des donn\u00e9es collect\u00e9es.<\/p>\n\n\n\n<p>Ces donn\u00e9es concernent :&nbsp;<\/p>\n\n\n\n<ul><li>des informations relatives \u00e0 votre identit\u00e9: pr\u00e9nom, pseudonyme, mois et ann\u00e9e de naissance ;<\/li><li>vos coordonn\u00e9es : ville de r\u00e9sidence et code postal ;<\/li><li>des informations relatives \u00e0 votre environnement scolaire : nom de l\u2019\u00e9tablissement, ville de l\u2019\u00e9tablissement, code postal de l\u2019\u00e9tablissement.<\/li><\/ul>\n\n\n\n<p>La non fourniture de ces informations n\u2019a aucune cons\u00e9quence sur le fonctionnement de l\u2019application.<\/p>\n\n\n\n<p>Vos donn\u00e9es ne font l\u2019objet d\u2019aucune cession \u00e0 des tiers. Vision Future n\u2019effectue aucune exploitation commerciale de vos donn\u00e9es personnelles.<\/p>\n\n\n\n<p>Si vous nous adressez un courrier \u00e9lectronique, dans le cadre d\u2019\u00e9changes concernant le support de l\u2019application, l\u2019usage de votre adresse mail sera strictement limit\u00e9e \u00e0 nos \u00e9changes concernant le fonctionnement de l\u2019application.<\/p>\n\n\n\n<p>Vision Future met en \u0153uvre des mesures techniques et organisationnelles appropri\u00e9es afin d\u2019assurer la s\u00e9curit\u00e9 et la confidentialit\u00e9 de tes donn\u00e9es et emp\u00eacher toute utilisation d\u00e9tourn\u00e9e ou frauduleuse des donn\u00e9es. A toutes fins utiles, les donn\u00e9es permettant une d\u00e9sanonymisation (Nom, adresse postale, date de naissance) ne sont pas recueillies.<\/p>\n\n\n\n<p>Vous disposez du droit de demander l\u2019acc\u00e8s \u00e0 vos donn\u00e9es \u00e0 caract\u00e8re personnel et la rectification des donn\u00e9es inexactes. Vous pouvez demander l\u2019effacement des donn\u00e9es et la limitation du traitement ou vous opposer au traitement, dans les cas et dans les limites pr\u00e9vues par la l\u00e9gislation applicable.<\/p>\n","protected":false},"excerpt":{"rendered":"<p>Application GoMaths TS Vision Future, 9 rue Parrot CS72809 75590 Paris Cedex 12, soci\u00e9t\u00e9 enregistr\u00e9e au RCS de Paris sous le num\u00e9ro 339 916 389 s\u2019engage \u00e0 ce que la collecte et le traitement de vos donn\u00e9es personnelles soient conformes au R\u00e8glement g\u00e9n\u00e9ral sur la protection des donn\u00e9es du 27 avril 2016 (RGPD) et \u00e0 [&hellip;]<\/p>\n","protected":false},"author":1,"featured_media":0,"parent":0,"menu_order":0,"comment_status":"closed","ping_status":"closed","template":"","meta":[],"_links":{"self":[{"href":"https:\/\/gomaths.org\/index.php\/wp-json\/wp\/v2\/pages\/356"}],"collection":[{"href":"https:\/\/gomaths.org\/index.php\/wp-json\/wp\/v2\/pages"}],"about":[{"href":"https:\/\/gomaths.org\/index.php\/wp-json\/wp\/v2\/types\/page"}],"author":[{"embeddable":true,"href":"https:\/\/gomaths.org\/index.php\/wp-json\/wp\/v2\/users\/1"}],"replies":[{"embeddable":true,"href":"https:\/\/gomaths.org\/index.php\/wp-json\/wp\/v2\/comments?post=356"}],"version-history":[{"count":2,"href":"https:\/\/gomaths.org\/index.php\/wp-json\/wp\/v2\/pages\/356\/revisions"}],"predecessor-version":[{"id":725,"href":"https:\/\/gomaths.org\/index.php\/wp-json\/wp\/v2\/pages\/356\/revisions\/725"}],"wp:attachment":[{"href":"https:\/\/gomaths.org\/index.php\/wp-json\/wp\/v2\/media?parent=356"}],"curies":[{"name":"wp","href":"https:\/\/api.w.org\/{rel}","templated":true}]}}